8 - -9?
9
Calculate 3 + (-22 - (13 - (-11 + -2 + 24))).
-21
Evaluate (-1 - -6) + 34 + -42 - (213 - 111).
-105
91 - (67 + -86 + 38)
72
Evaluate -35 + (-135 + 269 - 28).
71
Calculate -15 - (-7 - -8) - -16.
0
(77 - 15) + -7 + 5 + (-3 - 4) + 6
59
What is the value of (26 - -5) + -38 + (22 + 5 - -3)?
23
Evaluate -39 + (100 + -15 - 69).
-23
-1 + (-13 - (7 - 6) - (-149 - -25))
109
Evaluate (38 - 82) + 4 + (-4 - (7 - 11)).
-40
-19 + (20 - -5) + -7 - (1 + -4)
2
What is the value of (6 - (-2 - -100)) + (310 - 317)?
-99
-20 + (1 - -1 - -11) + -438 + 423
-22
-4 + 83 - (3 + (-15 - -15) + (1 - -3))
72
(-4 - -16) + (-4 - (7 + -10)) - (-24 + 8)
27
Calculate (-46 + 7 + 9 - (4 - 4)) + 0.
-30
What is -6 + (27 - (-12 + 20))?
13
Evaluate (-2 - 45) + -60 + -2 + 63.
-46
-1 + (-8 - -1) + (-318 - -311)
-15
Calculate -19 + 32 + 64 - 37.
40
Evaluate (118 - (7 - -62)) + 4.
53
Calculate 2 + (2 + 4 - (-180 + 202)).
-14
What is the value of -132 + 52 + 36 - -26?
-18
What is 4 - (23 - (2 + (-14 - -26) + -8))?
-13
Calculate 0 + -16 + 19 + -50 + 19.
-28
Calculate 7 - (29 - 14) - (-10 - (1 + -4 - 32)).
-33
Calculate (55 + -41 - (4 + -1) - 15) + 69.
65
Calculate 29 + (-7 - (35 - (12 - -6))).
5
What is the value of (-32 - (9 + -8) - -66) + -55?
-22
Evaluate 33 + -9 + (2 - 10) + 8 + 1 - 1.
24
-62 - (-12 - -8) - 13 - -6
-65
What is -2 - (2 + -1 + 3 + 59 + -72)?
7
What is (7 - 4) + 3 + (-3 - 2) + (-7 - -38)?
32
155 + -63 - -32 - (2 + (12 - -1))
109
11 + 55 + (-381 - -268)
-47
What is 80 + (-16 - 17) - 90?
-43
What is -35 + (54 - 57 - (-12 + -3))?
-23
What is the value of -121 - (-93 + 20 + -148)?
100
-93 + -19 + -4 + -1 + 54
-63
-33 + 46 - (-7 + 1 - -31) - (-5 + 139)
-146
Evaluate -22 + (6 - 22) + 55 + -23 + 0.
-6
What is the value of -11 - -47 - (-8 + 8 + -14)?
50
(0 - -12) + (-3397 - -3447)
62
(-275 - -262) + 2 + -22 + -7
-40
Calculate 9 - (42 + 3 - (112 - 138)).
-62
Evaluate (7 - 146 - -125) + (0 - 15).
-29
What is -5 + (4 - -2) + (1 - 5) + 62?
59
49 - 1 - (8 + (14 + -46 - -19))
53
What is the value of -5 + 5 + -2 + -3 + (-44 - -26)?
-23
What is the value of (-72 - -89 - -90) + 13?
120
Evaluate 0 + (-13 - 30) + -9 + 22.
-30
What is 11 + (5 - -1) - ((36 - -47) + -44)?
-22
205 + -41 + -50 - 170
-56
What is -2 + (-2 - -25) - (-10 + (12 - 18))?
37
Calculate (17 + -3 - (-23 - -31)) + 5 + 7 + -55.
-37
What is the value of -370 + 362 - (9 + -11 + (7 - 1) + -3)?
-9
Calculate -78 + 494 + -481 + (2 - 3 - 4).
-70
Evaluate (25 - -21) + -20 - 39.
-13
What is the value of -124 + 135 + -15 - (-3 + 3 + -1 - -2)?
-5
What is -2 + (99 - -3) + 1118 + -1147?
71
What is -84 - ((6 - 46) + (167 - 165))?
-46
Calculate (20 - -2 - 15 - -5) + -21 + 9.
0
Evaluate -20 + 11 + -4 + (1 - -10).
-2
What is -48 + 0 - ((-13 + -12 - (-35 + -2)) + -9)?
-51
Calculate 3 + 31 - (689 - 580).
-75
Calculate (-14 - (-8 - 6) - 2 - -9) + 44.
51
What is (-3 - 1) + (-85 - 16) - (-16 - (-20 + 13))?
-96
Calculate (2 - (-1 - 5)) + (23 - 7) + 0 + -81.
-57
Calculate (-10 - -22) + -42 - -18 - (17 - (2 + 1)).
-26
What is the value of 59 - (-18 - (-36 - -23) - (-10 + 2 - 2))?
54
-5 + -57 + 7 + 22 - (1 - 0) - 7
-41
Evaluate -1 + -85 + (1 - 3) + (-1 + -26 - -40).
-75
-5 - (44 + -20 + -17 + 14)
-26
Calculate (-10 - 200) + 295 - (8 - 0).
77
What is 11956 + -12046 + 99 + -1?
8
Evaluate -45 + (-28 - -35) - -67.
29
Evaluate 48 - (-16 + (-59 - -143)).
-20
4 - (-7 - -7 - (10 + 6 + -7))
13
Calculate (-24 - -47) + -19 + 90 - (17 + -2).
79
What is the value of (-71 - -2 - (20 + 10)) + (7 - -1)?
-91
Calculate 6 + 35 - -10 - -9.
60
10 - ((-12 - -99) + -21)
-56
-7 + (43 - -4) + -43
-3
Evaluate -13 - 1 - (45 + (-66 - -2)).
5
What is -1 - (2 + 6 + 83 + -93 + 2 + -5)?
4
5 - (-35 - ((0 - 2) + 0) - (-1697 - -1692))
33
Evaluate (1884 + -1881 - (0 - -40)) + -78.
-115
Calculate -19 - (-57 - (-1 + -7 + 13)).
43
What is (-47 - -11) + 17 + -5 - 3?
-27
What is -22 + 12 + -12 + 35 + -90?
-77
What is the value of (19 - 12) + (1 - 5 - -1) - (-466 - -455)?
15
What is the value of 19 + (13 - 4 - -2) + 5?
35
18 + -8 + -16 + -9 + 1 + 0
-14
What is the value of -5 + (84 - (13 + -9)) + -31 + 19?
63
What is the value of 0 + -33 - (10 + (-89 - -68))?
-22
Calculate ((9 - -10 - 2) + 34 - -11) + 12.
74
Evaluate (36 - 10) + 67 + -16.
77
-1 + 8 - ((11 - 2) + (-6 - -8))
-4
What is the value of (-489 - -489) + 5 + -1 - (3 + -2 - 31)?
34
What is the value of 17 + (20 - 11) + 14 + -5?
35
What is the value of 2 - ((-2 - 5 - (81 - 95)) + -2)?
-3
Evaluate 2 - (-56 + 31 - -44).
-17
What is -14 - (-48 + 16 + -10)?
28
Evaluate (84 - 6) + -1428 + 1437.
87
Calculate 24 + -4 - 62 - (11 - (1 + 1)).
-51
What is the value of 7 + 67 + 22 + -36?
60
Calculate -13 + 23 + 9 + -25 + 2 - 32.
-36
Evaluate -4 + (-5 - 13) + -82 + 168.
64
What is 6 + -34 + -20 + 1?
-47
-66 + 64 - ((114 - 23) + -27)
-66
What is the value of 9 - (0 + -17 + (-420 - -420))?
26
Calculate -20 + (-132 - -95 - (-1 + -23)).
-33
What is the value of (105 - -85) + -72 - 60?
58
25 + -77 + 65 + -26 - (1 - -12)
-26
What is (4 - (12 - 11)) + (-15 - -3) + 6 - 26?
-29
What is the value of (10 - -1 - -24) + -17 - -1?
19
-36 - (-25 + -14 + 49)
-46
What is the value of 17 - ((-2 - 33) + 88)?
-36
What is (-29 - -7 - 35) + 13?
-44
Calculate 5 - ((-8 - (-16 + 0)) + -12).
9
844 + -874 - (-1 - -1)
-30
Calculate -64 + 33 - -43 - (14 + (-5 - -5)).
-2
Calculate -13 + 18 + -28 - (104 + -107).
-20
What is 0 + 2 - 18 - (-39 + -52 + 33)?
42
What is -6 + (58 + -29 - 72)?
-49
Calculate 27 - 13 - 24 - (-52 + (3 - 8 - -8)).
39
-50 + (0 - -2) + -25 + (30 - (13 - 2))
-54
-19 + (-74 + 39 - (-21 - 10))
-23
-1 + (-2 - -7) + 5 - (18 - 36)
27
Evaluate 64 + -26 + -35 + -15.
-12
What is the value of 1436 + -1395 - (53 - -1)?
-13
195 + -185 + -38 + (-6 - -4)
-30
Evaluate 153 + -242 + (11 - 4) - -5.
-77
Calculate -14 + 19 + -44 + (0 - -35).
-4
(-34 - -4 - -11 - -22) + 27
30
What is the value of (-262 - -214) + (10 - -1) + (-13 + 13 - 0)?
-37
Calculate -11 + 19 + (30 - (69 + -32)).
1
(-28 - 7) + (-2358 - -2392)
-1
What is the value of (-4 - -2 - (-12 + 9 + 14)) + (39 - 32)?
-6
What is the value of (20 - -4 - 18) + -1 - -39?
44
What is (-49 - (-62 - -18)) + (11 - -2 - 1)?
7
What is (-40 - -35 - -21) + 22?
38
(-622 - -607) + (-3 - (2 + (-80 - 0)))
60
Calculate 57 - ((-90 - -68) + 19 + -2).
62
Calculate -7 + 52 + -49 - 55.
-59
What is the value of (-13 - -1 - 10) + 0 + (3 - 0) + -9?
-28
Evaluate 11 - ((-392 - -378 - (-2 - -1)) + 26).
-2
What is the value of -61 - ((-36 - -40) + 5)?
-70
What is -59 + -24 + 35 - -145?
97
-9 - ((2227 - 2267) + (34 - -1))
-4
What is the value of -238 + (275 - 42) - (-1 - 0 - 1)?
-3
(-10 - -16 - 3 - -1) + -22 - 12
-30
What is 4 + (10 - (-1 + 0)) - (-48 + -7)?
70
Evaluate 51 - (-2 - -4) - (-41 - -11).
79
What is 56 + -50 + -11 + (-9 - -4 - 27)?
-37
What is (426 - 454) + -22 + 0?
-50
Evaluate (6 - (-2 + 3 - (48 - 49))) + -1 + -65.
-62
-218 + 227 - (-5 + -24 + (-1 - 3))
42
What is the value of 83 - 1 - (-15 + 31)?
66
Evaluate -60 + (61 - -15) + -19.
-3
What is the value of -1 - (0 - -47) - 1 - (17181 + -17195)?
-35
What is (-32 - -16 - (-1 + -2 + (3 - -1))) + -8?
-25
-3 - (-89 - -43 - 9)
52
What is -9 + 7 + 191 + -170?
19
Calculate -6 + -1 - (-1360 - -1333).
20
What is the value of (18833 - 18818) + -45 + (-2 - -1)?
-31
Evaluate -32 + 25 + 23 + (14 - -31).
61
Evaluate -3 - (0 + (-6 - (-2 + (-5 + -8 - -8)))).
-4
What is (-13 - -12 - (11 + -55)) + 1 + -1?
43
Calculate -1 + -6 - (43 + -60) - -5.
15
Calculate (-14 - -3) + (-39 - (14 - (26 - 1))).
-39
What is the value of (-38 + 39 - (14 - (3 - 11))) + -70?
-91
Evaluate 39 + -79 - 67 - (-3 + 1 - (-11 - 5)).
-121
Calculate 94 + -102 + -1 + (-3 + 4 - (-1 - -63)).
-70
What is the value of (3446 - 3412) + (-9 - 0)?
25
Calculate 5 + -6 - (-17 - 100).
116
Calculate (9 - -1) + (-17 - -17) + 3 + -84.
-71
Calculate -26 - ((-12 - 22) + 66 + -68).
10
Evaluate (-2216 - -2221) + (1 - -3 - 2 - (38 + -1)).
-30
Calculate 4 + (150 - 101 - 121).
-68
4 + -4 - 15 - (-2 + -11 + 9 + 8)
-19
101 - 85 - (6 - 13 - (-2 - -3))
24
What is 293 - 313 - (5 - -6)?
-31
Calculate (-94 - -52 - -47) + 17.
22
(34 - 0) + (-3843 - -3808)
-1
Calculate (-1021 - -1016) + 0 + -68.
-73
38 + 16 + (-22 - -18 - 5)
45
What is the value of 3 + (-226 - -230) + (-41 - -1)?
-33
What is -21 + (6 - (0 + 11 + (58 - 35) + -37))?
-12
What is 0 + -4 + (-